{"id":163,"date":"2022-11-28T16:12:35","date_gmt":"2022-11-28T16:12:35","guid":{"rendered":"http:\/\/www.casatio.es.mialias.net\/?page_id=163"},"modified":"2023-12-14T15:30:25","modified_gmt":"2023-12-14T15:30:25","slug":"club-casa-tio","status":"publish","type":"page","link":"https:\/\/casatio.com\/club\/club-casa-tio\/","title":{"rendered":"club casa tio"},"content":{"rendered":"<p>[et_pb_section fb_built=\u00bb1&#8243; admin_label=\u00bbsection\u00bb _builder_version=\u00bb4.16&#8243; global_colors_info=\u00bb{}\u00bb][et_pb_row admin_label=\u00bbrow\u00bb _builder_version=\u00bb4.19.4&#8243; background_size=\u00bbinitial\u00bb background_position=\u00bbtop_left\u00bb background_repeat=\u00bbrepeat\u00bb global_colors_info=\u00bb{}\u00bb][et_pb_column type=\u00bb4_4&#8243; _builder_version=\u00bb4.16&#8243; custom_padding=\u00bb|||\u00bb global_colors_info=\u00bb{}\u00bb custom_padding__hover=\u00bb|||\u00bb][et_pb_blurb title=\u00bbClub Casa Ti\u00f3\u00bb image_icon_background_color=\u00bb#E02B20&#8243; image=\u00bbhttp:\/\/casatio.com\/club\/wp-content\/uploads\/2023\/12\/chrome_GmmfKnUkqa.jpg\u00bb content_max_width=\u00bb1013px\u00bb _builder_version=\u00bb4.19.4&#8243; _module_preset=\u00bbdefault\u00bb header_level=\u00bbh1&#8243; header_font=\u00bbAmiri Quran|700|||||||\u00bb header_text_color=\u00bb#C5310D\u00bb header_font_size=\u00bb24px\u00bb body_font_size=\u00bb22px\u00bb body_letter_spacing=\u00bb1px\u00bb body_line_height=\u00bb1.6em\u00bb animation_style=\u00bbfade\u00bb hover_enabled=\u00bb0&#8243; global_colors_info=\u00bb{}\u00bb sticky_enabled=\u00bb0&#8243;]<\/p>\n<h1><strong>AVANTATGES DE LA TARGETA DE FIDELITZACI\u00d3 DE CASA TI\u00d3<\/strong><\/h1>\n<p>&nbsp;<\/p>\n<ul>\n<li><span style=\"color: #a33213;\"><strong>GUANYA DINERS AMB LA TEVA COMPRA A CASA TI\u00d3<\/strong><\/span><\/li>\n<\/ul>\n<p>Acumula un 1% de l\u00b4import de cada compra <strong><em>per ser client,<\/em><\/strong><\/p>\n<p>&nbsp;<\/p>\n<ul>\n<li><strong><span style=\"color: #b23617;\">GUANYA UN 5% EXTRA A PARTIR DE 50\u20ac DE COMPRA<\/span><\/strong><\/li>\n<\/ul>\n<p><em>Aquestes festes gaudeix dels avantatges amb la targeta de fidelitzaci\u00f3, a part de l\u2019 1% per ser client, totes les compres que superin els 50\u20ac tenen un 5% addicional sobre l\u2019import que superi aquesta xifra. que podr\u00e0s bescanviar del 8 fins al 31 de gener, sobre compres realitzades a qualsevol de les botigues de Casa Ti\u00f3 i sempre que el resultat del tiquet sigui positiu.<\/em><\/p>\n<p><strong><em><\/em><\/strong><\/p>\n<p><span style=\"color: #bf1900;\"><em><strong>Vine a les nostres botigues i fes-te client !!<\/strong><\/em><\/span><\/p>\n<p><strong><em><\/em><\/strong><\/p>\n<p><strong><em><\/em><\/strong><\/p>\n<p><strong><em><\/em><\/strong><\/p>\n<p><strong><em><\/em><\/strong><\/p>\n<p><strong><em><\/em><\/strong><\/p>\n<p><strong><em><\/em><\/strong><\/p>\n<p><strong><em><\/em><\/strong><\/p>\n<p><strong><em><\/em><\/strong><\/p>\n<p><strong><em><\/em><\/strong><\/p>\n<p><strong><em><\/em><\/strong><\/p>\n<p><strong><em><\/em><\/strong><\/p>\n<p><strong><em><\/em><\/strong><\/p>\n<p><strong><em><\/em><\/strong><\/p>\n<p><strong><em><\/em><\/strong><\/p>\n<p><strong><em><\/em><\/strong><\/p>\n<p><strong><em><\/em><\/strong><\/p>\n<p>[\/et_pb_blurb][\/et_pb_column][\/et_pb_row][\/et_pb_section]<\/p>\n","protected":false},"excerpt":{"rendered":"<p>AVANTATGES DE LA TARGETA DE FIDELITZACI\u00d3 DE CASA TI\u00d3 &nbsp; GUANYA DINERS AMB LA TEVA COMPRA A CASA TI\u00d3 Acumula un 1% de l\u00b4import de cada compra per ser client, &nbsp; GUANYA UN 5% EXTRA A PARTIR DE 50\u20ac DE COMPRA Aquestes festes gaudeix dels avantatges amb la targeta de fidelitzaci\u00f3, a part de l\u2019 [&hellip;]<\/p>\n","protected":false},"author":1,"featured_media":0,"parent":0,"menu_order":0,"comment_status":"closed","ping_status":"closed","template":"","meta":{"_et_pb_use_builder":"on","_et_pb_old_content":"","_et_gb_content_width":"","footnotes":""},"class_list":["post-163","page","type-page","status-publish","hentry"],"_links":{"self":[{"href":"https:\/\/casatio.com\/club\/wp-json\/wp\/v2\/pages\/163","targetHints":{"allow":["GET"]}}],"collection":[{"href":"https:\/\/casatio.com\/club\/wp-json\/wp\/v2\/pages"}],"about":[{"href":"https:\/\/casatio.com\/club\/wp-json\/wp\/v2\/types\/page"}],"author":[{"embeddable":true,"href":"https:\/\/casatio.com\/club\/wp-json\/wp\/v2\/users\/1"}],"replies":[{"embeddable":true,"href":"https:\/\/casatio.com\/club\/wp-json\/wp\/v2\/comments?post=163"}],"version-history":[{"count":47,"href":"https:\/\/casatio.com\/club\/wp-json\/wp\/v2\/pages\/163\/revisions"}],"predecessor-version":[{"id":902,"href":"https:\/\/casatio.com\/club\/wp-json\/wp\/v2\/pages\/163\/revisions\/902"}],"wp:attachment":[{"href":"https:\/\/casatio.com\/club\/wp-json\/wp\/v2\/media?parent=163"}],"curies":[{"name":"wp","href":"https:\/\/api.w.org\/{rel}","templated":true}]}}